-4*d, 4*r + 160 = 2*d. Suppose -13 = 3*m - d. What is the units digit of m?
3
Let g(n) be the first derivative of -n**4/4 - 22*n**3/3 - 3*n**2 - 16*n - 15. What is the tens digit of g(-22)?
1
Let i be -2 - ((-28 - -4) + 1). Let c(p) = 5*p**3 + p**2 + p. Let u be c(2). Let o = u - i. What is the tens digit of o?
2
What is the units digit of 9/((-396)/8) + (-137832)/(-132)?
4
Suppose -2250 = -5*l + 4*g, -l + g + 399 = -52. What is the tens digit of l?
4
Let m(s) = 34*s + 1861. What is the units digit of m(0)?
1
Let i(q) = -q + 2. Let x be i(-13). Suppose -5*v = 2*s - 385, -x + 5 = -2*v. What is the hundreds digit of s?
1
What is the tens digit of 144/84*1827/6?
2
Let g(n) = n**2 + 9*n - 21. Let k = -110 + 99. What is the units digit of g(k)?
1
Let k(w) = -10 + 3*w - 2*w - w - 3*w. Let h be k(-8). Let t = h - -10. What is the tens digit of t?
2
Suppose -160524 = 45*h - 94*h. What is the units digit of h?
6
Let a = 29 + -28. What is the units digit of 34/(-3)*(a - 4)?
4
Suppose 5*n = 107 + 563. Let d = n - -39. What is the hundreds digit of d?
1
Suppose 4*v + 3 = 3*v. Let w be (-9)/12*(-1 + v). Suppose -n = -4*i - 3*n + 66, -w*i + 5*n + 30 = 0. What is the units digit of i?
5
Suppose 1237 = 7*f - 1038. What is the units digit of f?
5
Let v(c) = -c + 35. Suppose 4*s = 46 + 18. What is the units digit of v(s)?
9
Let j(d) = d**3 + 12*d**2 - 9*d + 32. Let a be j(-13). Let y = -6 - -5. What is the tens digit of 4 + -6 - a - y?
1
Let v = -3 - -8. Suppose -4*q = 17 + 3. What is the tens digit of (-2 - -64) + v + q?
6
Let d(i) = -i**3 + 3*i**2 - 7*i + 4. Suppose -h - 30 = 5*v - 1, 3*v + 3 = 3*h. What is the hundreds digit of d(h)?
1
Suppose 0 = 93*k - 92*k - 3. Suppose -v - k*v = 3*g - 825, -4*g + 12 = 0. What is the units digit of v?
4
Let k(n) = -11*n**2 - 2*n + 1. Let v(i) = -4*i**2 - i. Let z(j) = -3*k(j) + 8*v(j). What is the units digit of z(6)?
1
Let w(f) = -3 + 10 + 17*f - 24*f + 4. What is the units digit of w(-4)?
9
Let x = -16 - -21. Suppose 0*g + 2*g = -3*p + 12, -16 = -4*p + 4*g. Suppose 4*l + l = -p*t + 8, 2*l + x*t = -7. What is the units digit of l?
4
Let z(v) = -816*v - 163. What is the tens digit of z(-3)?
8
Suppose 30*c - 40*c = -6040. What is the hundreds digit of c?
6
Suppose 4*u + 3*c - 9221 = 0, 19*u - 21*u + 4610 = 2*c. What is the units digit of u?
6
Let u be (65 - 0/(-2)) + 1. Suppose u = -2*h - 4*h. Let b = 23 + h. What is the units digit of b?
2
Let c = 411 - 87. What is the units digit of c?
4
Let x(n) be the first derivative of -n**3 + n**2 + 2*n + 2. Let f be x(-2). What is the tens digit of (-304)/f + (-2)/(-7)?
2
Let t(c) = -2*c + 5. Let i be t(-4). Let x = -15 - -3. Let f = i + x. What is the units digit of f?
1
Let m = 47 - 36. Let v = m - 7. Suppose v*b - 33 = -9. What is the units digit of b?
6
Suppose 11 - 17 = r. What is the hundreds digit of (r/4)/(111/(-18574))?
2
Let r(k) = -k + 33. Let n be r(-15). What is the units digit of (-64)/n*258/(-8)?
3
Suppose 0 = -4*i - l + 13024, 28*l - 3277 = -i + 33*l. What is the units digit of i?
7
Let q(u) = 13*u - 24. Let v(a) = 38*a - 73. Let s(k) = -8*q(k) + 3*v(k). What is the units digit of s(5)?
3
Let t(u) = 569*u**3 - 2*u**2 + 3*u - 1. What is the tens digit of t(1)?
6
Suppose -p + 93 + 17 = 0. Suppose 3*y - 8*y = -p. What is the tens digit of y?
2
Let y(d) = 3*d**3 + 14*d**2 + 7*d + 31. Let s(a) = a**3 - a - 1. Let x(u) = 2*s(u) - y(u). What is the tens digit of x(-14)?
9
Suppose 0*m + 4*a = m - 17, -3*a = 6. Suppose -m*k + 24 = -5*k. Suppose -2*p - k = 0, -4*p = f - 8 - 14. What is the tens digit of f?
3
Suppose -2*c + 5*c - 23 = -4*f, c + f = 9. Suppose 3*h - c = -d + 4, 0 = -4*d + 3*h + 113. What is the units digit of d?
6
Let n(r) = 54*r + 132. What is the tens digit of n(3)?
9
Let p be -1 + (-2 - (-6)/1). What is the tens digit of p - 0 - 7 - -62?
5
Suppose 154 + 446 = u. Let v = -350 + u. What is the units digit of v?
0
Let w be (-2)/(-8) + 145/(-20). Let f be ((-2)/(-6))/(w/(-819)). Suppose -f - 156 = -5*h. What is the tens digit of h?
3
Let w = 85 + -41. Suppose 0 = -2*y + w - 34. Suppose -y*j + 50 = -4*j. What is the tens digit of j?
5
Let i be 3/4 + 171/(-36). Let m be (-5 - i) + 2 + -1. Suppose 0 = 2*v - 5*s + s - 72, 4*s = m. What is the tens digit of v?
3
Suppose -3*q + 41 = -4*i - 103, -56 = -q + 4*i. Let k = -3 + q. What is the tens digit of k?
4
What is the units digit of ((-24)/(-5))/((-159)/(-1325))?
0
Suppose 7882 = 10*l + 4*l. What is the hundreds digit of l?
5
Let v = -251 - -296. What is the units digit of v?
5
Let o be 27/3 + 2/1. Suppose 2*h - 3*h + o = 0. Suppose 4*b + h = 43. What is the units digit of b?
8
Let b = 1035 + -217. What is the tens digit of b?
1
Suppose 0 = -19*y + 3*y + 816. Suppose -60 = 3*f + 27. Let k = f + y. What is the tens digit of k?
2
Let z(c) be the first derivative of -5*c**4/4 - c**3/3 + 2*c**2 + 7*c + 27. What is the units digit of z(-3)?
1
Let c(k) = -654*k - 75. What is the tens digit of c(-1)?
7
Let l(c) = 41*c - 69. What is the units digit of l(5)?
6
Suppose 4*q = -p - 0*p - 1, -2*p + 4*q = -10. Suppose p*t - 512 = -t. What is the tens digit of t?
2
Let j(v) = 24*v**2 + 9*v + 188. What is the hundreds digit of j(-13)?
1
Suppose z + 9*t - 386 = 7*t, 5*t + 20 = 0. What is the hundreds digit of z?
3
Let r(n) = n**2 - 5*n - 2. Suppose -3*b = -a - 9, 2*a - 4*a - 22 = -2*b. Let o = 19 + a. What is the tens digit of r(o)?
1
Let u(o) = -43*o**3 + o**2 + 2*o - 3. What is the hundreds digit of u(-2)?
3
Suppose 35*r - 221 = 13744. What is the hundreds digit of r?
3
Suppose 3*z - 990 - 60 = 0. What is the units digit of z?
0
Let v(q) be the third derivative of -q**4/8 + 29*q**3/6 + 19*q**2. What is the units digit of v(8)?
5
Suppose -k - 2*q - q + 8 = 0, -1 = -q. Suppose 2*u = 4*c - 0*c - 216, 0 = 3*c - k*u - 162. What is the tens digit of c?
5
Let u(n) = 200*n**2 + 5*n - 7. What is the tens digit of u(2)?
0
Suppose -602 = -q - 131. What is the units digit of q?
1
Let b(z) = -z**3 + 8*z**2 + 8. Let p be b(8). Suppose p = 2*q - 54. What is the tens digit of q?
3
Suppose 0 = -i + 6 + 3. Suppose -10*f + 86 = -i*f. Suppose f = 3*u - d - 4, 2*d = u - 30. What is the units digit of u?
0
Let r(l) = 2*l**2 - 20*l - 196. What is the units digit of r(-11)?
6
Let k(p) = -6*p**3 + p**2 - 3*p + 4. Let d be k(2). Let t = d - -73. What is the tens digit of t?
2
Suppose 5*b - 8452 = 4*x - 3440, 0 = -2*b + 5*x + 2015. What is the units digit of b?
0
Let l = 562 + 472. What is the thousands digit of l?
1
Let g(d) = d + 24. Let c be g(-20). Suppose c*f = 25 + 67. What is the units digit of f?
3
Suppose 0 = 3*k - 0*k - 9. Let g(x) = k + 1 - 8*x - 3. What is the units digit of g(-3)?
5
Suppose -728 = -8*i - 232. Let r = 106 - i. What is the tens digit of r?
4
Suppose -5*u + 5*k = -2*u + 16, 5*u = -3*k + 30. What is the tens digit of (-4977)/(-27) + 0 + 2/u?
8
Let y(m) be the third derivative of m**5/60 + m**4/24 + 3*m**3/2 + m**2. Let p be y(-8). Suppose 0 = 4*q + q - p. What is the units digit of q?
3
Let h be -2*1/(-2)*3. Suppose 190 = -h*g + 8*g. Let f = g - 22. What is the tens digit of f?
1
Let u(k) = -113*k + 4. Suppose -2 = -7*z + 8*z. Let p be u(z). Suppose 3*x + 92 = -n + p, 84 = 2*x - 2*n. What is the tens digit of x?
4
Suppose 5 - 10 = 2*r + v, -5*r = 5*v + 20. Let c be (0 - 0 - 0)/r. Suppose c = -y - y + 12. What is the units digit of y?
6
Let v(o) = -23*o**3 + o**2 + 3*o + 1. What is the units digit of v(-1)?
2
Suppose 3*m + m = 5*z + 10, -5 = -m. Suppose f = 4 - 1. Suppose -f*u + 11 = 2*l, 4*l - z*u - 1 - 29 = 0. What is the units digit of l?
7
Let y(k) = k**2 - 4*k - 3. Let h(x) = 3*x**2 - 11*x - 8. Let l(n) = 3*h(n) - 8*y(n). Let i be l(-4). What is the units digit of (-12)/i - (-36)/10?
3
Suppose 96*u = 115*u - 14307. What is the tens digit of u?
5
Let m be -6 + (0/4)/4. Let g = m - -8. What is the tens digit of (3 + 19)/(0 + g)?
1
Suppose -2*a + 5*q = -490 - 339, 1256 = 3*a - 5*q. Suppose -534 = 2*r - 7*r + x, 0 = 4*r - x - a. What is the units digit of r?
7
Let g be 4*(-2)/4 - -3. Suppose -3*m + 17 = -4*q, 5*m + q - 14 = -g. Suppose 5*r - 72 = s, 0*r - m*s + 54 = 3*r. What is the tens digit of r?
1
Suppose -5*o - 3*n = -17498, 4*o - 8070 = -3*n + 5926. What is the thousands digit of o?
3
Suppose 3*r + 9 = -2*m, -3*m - 3*r - 9